3
What is the tens digit of 989?
8
What is the tens digit of 47732?
3
What is the hundreds digit of 948?
9
What is the hundreds digit of 442?
4
What is the hundreds digit of 7724?
7
What is the tens digit of 1679?
7
What is the ten thousands digit of 20622?
2
What is the units digit of 1950?
0
What is the thousands digit of 1440?
1
What is the hundreds digit of 7985?
9
What is the tens digit of 2625?
2
What is the hundreds digit of 67508?
5
What is the thousands digit of 2413?
2
What is the hundreds digit of 13714?
7
What is the units digit of 9564?
4
What is the tens digit of 3138?
3
What is the tens digit of 2307?
0
What is the tens digit of 1489?
8
What is the tens digit of 1048?
4
What is the hundreds digit of 8875?
8
What is the units digit of 13?
3
What is the hundreds digit of 3072?
0
What is the units digit of 617?
7
What is the units digit of 38058?
8
What is the thousands digit of 2006?
2
What is the tens digit of 338?
3
What is the ten thousands digit of 11335?
1
What is the hundreds digit of 812?
8
What is the tens digit of 99265?
6
What is the ten thousands digit of 32004?
3
What is the hundreds digit of 884?
8
What is the hundreds digit of 541?
5
What is the hundreds digit of 94204?
2
What is the thousands digit of 13997?
3
What is the tens digit of 32059?
5
What is the hundreds digit of 3672?
6
What is the units digit of 2454?
4
What is the hundreds digit of 17820?
8
What is the tens digit of 6594?
9
What is the thousands digit of 66641?
6
What is the hundreds digit of 4197?
1
What is the tens digit of 102802?
0
What is the ten thousands digit of 103022?
0
What is the thousands digit of 5310?
5
What is the tens digit of 94033?
3
What is the units digit of 5809?
9
What is the units digit of 280?
0
What is the thousands digit of 1087?
1
What is the thousands digit of 38306?
8
What is the units digit of 2976?
6
What is the thousands digit of 1578?
1
What is the thousands digit of 111892?
1
What is the tens digit of 243?
4
What is the hundreds digit of 12128?
1
What is the tens digit of 3608?
0
What is the hundreds digit of 935?
9
What is the units digit of 28783?
3
What is the hundreds digit of 19621?
6
What is the units digit of 1191?
1
What is the hundreds digit of 15418?
4
What is the tens digit of 69714?
1
What is the units digit of 16198?
8
What is the units digit of 11390?
0
What is the units digit of 46886?
6
What is the hundreds digit of 5874?
8
What is the hundreds digit of 4368?
3
What is the hundred thousands digit of 108287?
1
What is the hundreds digit of 449?
4
What is the thousands digit of 2037?
2
What is the hundreds digit of 992?
9
What is the hundreds digit of 1468?
4
What is the ten thousands digit of 17783?
1
What is the ten thousands digit of 12944?
1
What is the hundreds digit of 42827?
8
What is the tens digit of 397?
9
What is the hundreds digit of 928?
9
What is the units digit of 67?
7
What is the hundreds digit of 2080?
0
What is the tens digit of 35465?
6
What is the units digit of 270?
0
What is the thousands digit of 19713?
9
What is the units digit of 686?
6
What is the hundreds digit of 2576?
5
What is the ten thousands digit of 141274?
4
What is the hundreds digit of 27692?
6
What is the tens digit of 11429?
2
What is the tens digit of 124639?
3
What is the units digit of 1692?
2
What is the units digit of 791?
1
What is the units digit of 20331?
1
What is the tens digit of 1923?
2
What is the units digit of 756?
6
What is the ten thousands digit of 12127?
1
What is the hundreds digit of 13033?
0
What is the hundreds digit of 90828?
8
What is the tens digit of 30380?
8
What is the units digit of 12273?
3
What is the tens digit of 1900?
0
What is the units digit of 9142?
2
What is the units digit of 3901?
1
What is the ten thousands digit of 37189?
3
What is the units digit of 23727?
7
What is the tens digit of 808?
0
What is the units digit of 11024?
4
What is the thousands digit of 1180?
1
What is the hundreds digit of 760?
7
What is the units digit of 73995?
5
What is the units digit of 1899?
9
What is the hundreds digit of 4624?
6
What is the tens digit of 23605?
0
What is the units digit of 150055?
5
What is the thousands digit of 4446?
4
What is the units digit of 46603?
3
What is the hundreds digit of 1447?
4
What is the thousands digit of 68718?
8
What is the tens digit of 4107?
0
What is the units digit of 2740?
0
What is the tens digit of 19389?
8
What is the hundreds digit of 5756?
7
What is the units digit of 17721?
1
What is the units digit of 678?
8
What is the ten thousands digit of 24007?
2
What is the hundreds digit of 2046?
0
What is the units digit of 2198?
8
What is the hundreds digit of 24295?
2
What is the ten thousands digit of 57948?
5
What is the hundreds digit of 1047?
0
What is the tens digit of 49922?
2
What is the ten thousands digit of 140010?
4
What is the units digit of 941?
1
What is the hundreds digit of 529?
5
What is the hundreds digit of 1167?
1
What is the units digit of 286?
6
What is the hundreds digit of 12521?
5
What is the units digit of 68036?
6
What is the units digit of 2757?
7
What is the units digit of 22?
2
What is the units digit of 27831?
1
What is the hundreds digit of 532?
5
What is the thousands digit of 1265?
1
What is the thousands digit of 101560?
1
What is the units digit of 1090?
0
What is the units digit of 43304?
4
What is the hundreds digit of 12750?
7
What is the units digit of 73789?
9
What is the thousands digit of 47083?
7
What is the hundreds digit of 26292?
2
What is the thousands digit of 2657?
2
What is the ten thousands digit of 30704?
3
What is the hundreds digit of 3863?
8
What is the tens digit of 41139?
3
What is the ten thousands digit of 46194?
4
What is the units digit of 854?
4
What is the tens digit of 6083?
8
What is the units digit of 11121?
1
What is the hundreds digit of 5549?
5
What is the hundreds digit of 865?
8
What is the units digit of 1315?
5
What is the ten thousands digit of 10105?
1
What is the units digit of 2620?
0
What is the ten thousands digit of 110022?
1
What is the hundreds digit of 12763?
7
What is the units digit of 891?
1
What is the units digit of 165031?
1
What is the thousands digit of 3537?
3
What is the units digit of 8972?
2
What is the hundreds digit of 1574?
5
What is the hundreds digit of 528?
5
What is the tens digit of 43093?
9
What is the tens digit of 61613?
1
What is the hundreds digit of 23628?
6
What is the hundreds digit of 2256?
2
What is the units digit of 115?
5
What is the units digit of 197?
7
What is the tens digit of 36?
3
What is the units digit of 949?
9
What is the units digit of 58?
8
What is the thousands digit of 1531?
1
What is the tens digit of 1600?
0
What is the units digit of 5174?
4
What is the ten thousands digit of 96412?
9
What is the thousands digit of 4679?
4
What is the ten thousands digit of 21289?
2
What is the thousands digit of 10097?
0
What is the ten thousands digit of 67139?
6
What is the hundreds digit of 245?
2
What is the units digit of 99705?
5
What is the hundreds digit of 27395?
3
What is the ten thousands digit of 25192?
2
What is the hundreds digit of 18326?
3
What is the units digit of 4063?
3
What is the thousands digit of 9402?
9
What is the units digit of 642?
2
What is the ten thousands digit of 19056?
1
What is the thousands digit of 7464?
7
What is the units digit of 13399?
9
What is the hundreds digit of 74319?
3
What is the ten thousands digit of 10163?
1
What is the units digit of 3343?
3
What is the tens digit of 105119?
1
What is the thousands digit of 8054?
8
What is the hundreds digit of 34779?
7
What is the units digit of 1183?
3
What is the thousands digit of 101490?
1
What is the tens digit of 11616?
1
What is the ten thousands digit of 12345?
1
What is the thousands digit of 5985?
5
What is the ten thousands digit of 159021?
5
What is the units digit of 703?
3
What is the hundreds digit of 2952?
9
What is the units digit of 3069?
9
What is the units digit of 650?
0
What is the units digit of 40224?
4
What is the hundred thousands digit of 129633?
1
What is the units digit of 1995?
5
What is the hundreds digit of 91599?
5
What is the tens digit of 797?
9
What is the hundreds digit of 81517?
5
What is the tens digit of 